 - -47. Let b(q) = -2*q + 1. What is b(y)?
-3
Let l(x) = x - 16. Let q be l(14). Let m(c) = 3*c**3 + c**2 - 2*c - 3. Determine m(q).
-19
Suppose -j - 2*c = 3, 5*c = 5*j - 12 - 3. Let y(g) = -4*g**2 + 1. Give y(j).
-3
Let j = 17 - 15. Let g(d) be the second derivative of 0 - d - 1/20*d**5 + 0*d**3 + 1/2*d**j - 1/4*d**4. What is g(-2)?
-3
Let t(i) = 10 + 0*i**3 + i**3 + 7*i + i + 8*i**2. Let y = 92 - 99. What is t(y)?
3
Let m(b) = 5*b**2 - 9 + 5*b**2 - 5*b - b**3 + b**2 - 3*b**2. What is m(7)?
5
Let y be (16/(-20))/(4/(-10)). Let o(c) = -y*c - c + 9*c. Suppose q + 6 - 7 = 0. What is o(q)?
6
Let p(i) = 11*i**2 + 14*i - 17. Let z(j) = 7*j**2 + 9*j - 11. Let c(v) = -5*p(v) + 8*z(v). Give c(-3).
0
Let n(u) = u**3. Let a(r) = -2*r**2 + 3*r + 6. Let j(b) = -b**2 + 1. Let l(c) = -a(c) + 3*j(c). Let q be l(-2). What is n(q)?
-1
Let o(a) = -a**2 - 4*a + 1. Let b = -79 - -74. Give o(b).
-4
Let k(j) = 2*j**2 + 11*j + 20. Let t(h) = -h**2 - 6*h - 10. Let z(v) = -4*k(v) - 9*t(v). Calculate z(-7).
-11
Suppose 4*w - 11 = 3*f, 5*w = 2*w - 3. Let t(m) be the third derivative of -m**5/60 - 7*m**4/24 + m**3/6 + 7*m**2. Calculate t(f).
11
Let v be -1 + (1 - 0/(-1)). Let k(y) = -2*y**2 + 3*y**2 - 3*y + 4*y - 17. Calculate k(v).
-17
Let w(j) be the third derivative of j**5/30 + j**4/8 + j**3/2 + 9*j**2. Calculate w(-3).
12
Suppose 39*v - 43*v = -4. Let y(l) = -l**3 + l**2 + l - 1. Determine y(v).
0
Let c = 3 + -2. Let k(u) = u. Let x(r) = -r - 1. Let o(y) = 2*k(y) + x(y). What is o(c)?
0
Suppose -4*g - g = -10. Let a = -2 - -6. Let b(p) = -a*p + 3 - 4 + 3*p. Determine b(g).
-3
Let r(h) = h**2 + 4*h + 5. Let q = 0 - -4. Suppose 3 + 2 = f. Suppose -11 = q*t + f. Determine r(t).
5
Let r(h) = 6*h + 6 - 2*h**3 + 2*h**3 + h**3 + 5*h**2. Give r(-4).
-2
Let o = 44 - 38. Let j(v) = v**2 - 7*v + 2. Give j(o).
-4
Suppose 0*t - 10 = -5*c + 4*t, -2*c = -t - 4. Let w(x) = -3*x - x**2 + x + 4*x**2 - c. Determine w(2).
6
Let t(a) = a**2 - a + 1. Let o be t(0). Let r = -2 - o. Let f(v) = -2*v**2 - 3*v**2 + 3 + 4*v**2. Calculate f(r).
-6
Suppose 2*h - 3 = 3*h - t, 4*t = -3*h + 19. Let a(c) = h + 26*c - 5 - 21*c - c**2. Calculate a(4).
0
Let r(g) = g**3 - g - 5. Suppose -4*i = -0*i. Give r(i).
-5
Let s be 0/(-2)*(-1)/(-2). Suppose s = o + 4*o. Let y(x) = -x**3 + x**2 + x + 4. Determine y(o).
4
Let x(p) = -11. Let g(a) = -a + 2. Let u(d) = 2*g(d) + x(d). Calculate u(6).
-19
Let g be ((-8)/(-10))/((-8)/(-20)). Let y = g + -1. Let l(c) be the third derivative of c**5/12 - c**4/24 + c**3/6 - 3*c**2. Give l(y).
5
Let h(k) = k**2 - 5*k - 4. Let p(u) = 2*u**2 - 10*u - 8. Let t(l) = -7*h(l) + 3*p(l). Let s(i) = i**2 - 4*i. Let r be s(5). Calculate t(r).
4
Suppose 3*z - 14 = -5*m, 5*z - 5*m = 2 + 8. Suppose 4*o - 2 - 14 = 0. Let h(j) = j - o - z*j + j. Calculate h(-4).
0
Let t(x) = -2*x + 5. Let z be ((-5)/10)/(-1) - 11/(-2). Determine t(z).
-7
Let n(y) = -y**3 - y**2 - 1. Let s(o) = o**3 + 2*o**2 - o + 3. Let w(g) = 2*n(g) + s(g). Suppose 10 = -4*q + 26. Suppose -f = q*f. Determine w(f).
1
Let h(q) = -3*q + 27. Let k be h(8). Let b(c) = -3*c + 2. Determine b(k).
-7
Let z = 160 - 156. Let k(p) = -2*p**2 + 5*p + 6. Let q(f) = -3*f**2 + 7*f + 9. Let m(a) = -8*k(a) + 5*q(a). Calculate m(z).
-7
Let a(f) be the second derivative of f**4/12 - 3*f**3/2 + 3*f**2 - 13*f. What is a(7)?
-8
Let g(h) be the first derivative of 3/2*h**2 + 2*h + 1/3*h**4 - 3 - 2/3*h**3. Let j(l) be the first derivative of g(l). Calculate j(2).
11
Let n(a) be the third derivative of a**6/120 + a**5/60 - a**4/24 + a**3/6 - 7*a**2. Calculate n(0).
1
Suppose 0 = 3*w - 0 - 9. Let i(u) = 6*u + 5 - w*u - 2. Let v(m) = -2*m - 2. Let y(k) = 3*i(k) + 5*v(k). Calculate y(-1).
0
Let i(h) = 6*h + h + 8*h**2 + 3*h**2 - 5*h**2 + 2 + h**3. Determine i(-5).
-8
Let a(f) = -6*f**2 - 10*f - 4. Let u(t) = -5*t**2 - 10*t - 4. Let k(d) = -4*a(d) + 5*u(d). Calculate k(-9).
5
Let h(p) = 1 + 3*p + 38*p**2 - 19*p**2 - 21*p**2. Determine h(3).
-8
Let g(p) = -4*p - 1. Let k(b) = 2*b + 1. Let y(n) = -2*g(n) - 5*k(n). What is y(-4)?
5
Let l(m) = m. Let a(n) = 2*n**2 - 5*n - 5*n - n**2 + 3. Let d be a(10). Give l(d).
3
Let h(l) be the second derivative of l**3/6 - l**2 + 7*l. Calculate h(-3).
-5
Let f = -167 - -166. Let b(i) = -14*i + 1. Give b(f).
15
Let z(n) = -n**2 - 3*n + 2. Let q(j) = j**2 + j - 1. Let o be q(1). Suppose 4*w + 7 = -o. Let y be w/6 - (-22)/(-6). Calculate z(y).
-2
Let k(q) = -q - 8. Suppose -2*n - 20 = 5*l, -2*l = -3*n + 13 + 14. Determine k(l).
-2
Let s(q) = -1 + 5*q - 7*q + 9*q - q**2. Let v be s(6). Let h(l) be the second derivative of l**3/6 - l**2 + 2*l - 15. Give h(v).
3
Let k(r) = r**3 - 2*r**2 - 3*r - 4. Let w(b) = 4*b - 11. Let f be w(5). Suppose 5*m = 8*m - f. What is k(m)?
-4
Let r(h) = 4*h - 9. Let w(v) = -3*v + 8. Let z(f) = 4*r(f) + 5*w(f). Let l be 3*3*14/21. Let y = l - 11. Determine z(y).
-1
Let o(a) = -a**3 + a**2 + 3*a - 2. Let h be o(2). Let w(m) = m + 2*m - m + h*m - 15*m**2 - 1. Determine w(1).
-14
Let o(x) = -2*x**3 + 4*x**2 - 3*x + 4. Let k(j) = -2*j**3 + j**3 - j**2 - 5*j + 8 + 9*j**2 - 2*j**3. Let g(a) = -3*k(a) + 5*o(a). Calculate g(-3).
-13
Let u(q) = 4*q**2 + 9*q + 2. Let l(w) = 5*w**2 + 10*w + 1. Let c = 9 + -5. Let a = 0 + -3. Let z(y) = a*l(y) + c*u(y). Calculate z(-4).
-3
Let f(g) = -5*g - 2. Let k(a) = 19*a + 9. Let q(c) = -9*f(c) - 2*k(c). What is q(-1)?
-7
Let c = 93 + -93. Let d(n) = -n**2 - n - 5. Determine d(c).
-5
Let j(r) = -2*r + r**3 + r**2 + 26 - 2*r**3 - r - 25. Determine j(2).
-9
Let b = 25 - 19. Let p(u) = -4 - 3*u**2 + 0*u**2 + u**2 + u**3 + b*u**2 - 7*u. What is p(-5)?
6
Let v(d) be the third derivative of -d**4/12 + 2*d**3/3 - 4*d**2. Give v(4).
-4
Suppose 0 = -3*j - 5*d - 9, 2*j + 4 = d - 2. Let g be -2 - (j - (4 - 3)). Let i(h) = -g*h**2 + 2*h - 1 + 2*h + 4*h**2 - 3. Determine i(-4).
12
Let a(g) = g + 3. Let i(k) = -k - 2. Let r be (-3)/(9/24*-2). Let c(s) = r*i(s) + 3*a(s). Give c(-2).
3
Let w(s) = s - 6. Let y(v) = -v + 6. Let z(g) = 4*w(g) + 5*y(g). Suppose 26 = o + 3*b + b, -5*b + 13 = -2*o. Give z(o).
0
Let f(b) = b**2 - 7*b + 5. Suppose 2*a = -z + 3, 2*z + 3*z + 4*a + 3 = 0. Let x be (-6)/z*(0 + 3). Determine f(x).
-1
Let y(x) be the second derivative of x**5/20 - x**3/6 + 3*x**2/2 + 2*x. Suppose 0 = 4*s - 3*s. Calculate y(s).
3
Let b(n) = 4*n + 2. Let g be (-2 - -1)/((-8)/24). What is b(g)?
14
Let q(h) = -3*h - 3. Let t be -10*(0 + 6/(-4)). Let l be 3 - (4 + -2 + -1). Suppose 0 = 5*v - 3*v - l*g, 3*g + t = -2*v. What is q(v)?
6
Let d be (-8)/4 + 5 + -4. Let w be 4/(-18) + 29/9. Let t(v) = 2*v**2 + v + 3*v + 5*v**3 - w*v. Calculate t(d).
-4
Let z be 3 + -1 + -1 - -6. Let v = z - 4. Let u(w) = w**v + 5*w**2 + 2*w**2 - 1 - 5*w**2 - 4*w. Give u(-3).
2
Let b(u) = u**3 - 2*u**2 + 3*u - 1. Let v be b(2). Let m(x) = 2*x**2 + x - 14. Let c(s) = s**2 + s - 7. Let p(i) = v*c(i) - 2*m(i). Calculate p(-5).
3
Let i(s) = -s - 8. Suppose -v + c + 1 = 3, 2*v = 4*c. What is i(v)?
-4
Let b(f) = f**2 - 6*f - 8. Let y = -3 + 10. Determine b(y).
-1
Let x(g) = g**2 + 1. Let a(j) = 6*j**2 + j - 4*j - 2*j**2 + 5 - j**2. Let k(d) = a(d) - 5*x(d). What is k(-2)?
-2
Let o(t) = -t**2 - t + 9. Let b(p) = 2*p - 8. Let y be b(4). Calculate o(y).
9
Let g(y) = y**3 + 3*y**2 + 2*y + 16. Let x be g(-4). Let h(n) = 2*n + 7. Determine h(x).
-9
Let u(h) = h**2 - 7*h + 7. Let q(b) = b**2 - 6*b + 6. Let v(d) = -3*q(d) + 2*u(d). Determine v(4).
-4
Let s(l) = l + 3. Let r = 10 - 3. Let t = -7 + r. Suppose t = -4*d - 4*y + 8, -3*y + 7 + 23 = -5*d. Give s(d).
0
Let v(g) = g**2 + 4*g - 6. Let u(o) = 6*o - 4. Let l be u(3). Let x = l + -19. Give v(x).
-1
Let h(n) = -n**2 - n + 3. Let m(k) = k**2 + 6*k + 5. Let p be m(-3). Calculate h(p).
-9
Let t(i) be the first derivative of 3*i**4/2 - i**3/3 + i**2/2 - i + 14. Let n = 1 - 3. Let f be ((-4)/2)/(n - 0). What is t(f)?
5
Let c = -15 - -18. Suppose -7*f + 16 = -c*f. Let g(p) = -p - 4. Give g(f).
-8
Suppose 5*m - 16 = -r + 4, -2*r = 4*m - 22. Let x(l) = -l**3 + 4*l**2 + 7*l - 2. Calculate x(r).
8
Let b = -11 + 15. Suppose 7 - 3 = 4*k - 4*d, k - b*d = 7. Let h(y) = -11*y**3 - 2*y - 1. Give h(k).
12
Let d(q) = -q**2 + 3*q + 2. Let t(h) = -h**3 - 2*h**2 + h. Let p be t(1). Determine d(p).
-8
Let d = 14 + -15. Let i(j) = -3*j**3 - 2*j**2 + 1. Give i(d).
2
Let w(n) be the second